{"id":778,"date":"2023-06-20T17:31:12","date_gmt":"2023-06-20T17:31:12","guid":{"rendered":"https:\/\/javierbellon.es\/?page_id=778"},"modified":"2023-07-03T15:50:42","modified_gmt":"2023-07-03T15:50:42","slug":"sobre-las-piezas","status":"publish","type":"page","link":"https:\/\/javierbellon.es\/?page_id=778","title":{"rendered":"Sobre las Piezas"},"content":{"rendered":"\t\t<div data-elementor-type=\"wp-page\" data-elementor-id=\"778\" class=\"elementor elementor-778\" data-elementor-post-type=\"page\">\n\t\t\t\t\t\t<section class=\"elementor-section elementor-top-section elementor-element elementor-element-4b0c616 elementor-section-height-min-height elementor-section-boxed elementor-section-height-default elementor-section-items-middle\" data-id=\"4b0c616\" data-element_type=\"section\" data-e-type=\"section\" data-settings=\"{&quot;background_background&quot;:&quot;classic&quot;}\">\n\t\t\t\t\t\t\t<div class=\"elementor-background-overlay\"><\/div>\n\t\t\t\t\t\t\t<div class=\"elementor-container elementor-column-gap-default\">\n\t\t\t\t\t<div class=\"elementor-column elementor-col-100 elementor-top-column elementor-element elementor-element-d149717\" data-id=\"d149717\" data-element_type=\"column\" data-e-type=\"column\">\n\t\t\t<div class=\"elementor-widget-wrap elementor-element-populated\">\n\t\t\t\t\t\t<div class=\"elementor-element elementor-element-0324e33 elementor-widget elementor-widget-heading\" data-id=\"0324e33\" data-element_type=\"widget\" data-e-type=\"widget\" data-widget_type=\"heading.default\">\n\t\t\t\t<div class=\"elementor-widget-container\">\n\t\t\t\t\t<h1 class=\"elementor-heading-title elementor-size-default\">Sobre las Piezas<\/h1>\t\t\t\t<\/div>\n\t\t\t\t<\/div>\n\t\t\t\t\t<\/div>\n\t\t<\/div>\n\t\t\t\t\t<\/div>\n\t\t<\/section>\n\t\t\t\t<section class=\"elementor-section elementor-top-section elementor-element elementor-element-da58182 elementor-section-boxed elementor-section-height-default elementor-section-height-default\" data-id=\"da58182\" data-element_type=\"section\" data-e-type=\"section\">\n\t\t\t\t\t\t<div class=\"elementor-container elementor-column-gap-default\">\n\t\t\t\t\t<div class=\"elementor-column elementor-col-50 elementor-top-column elementor-element elementor-element-3fc7811\" data-id=\"3fc7811\" data-element_type=\"column\" data-e-type=\"column\">\n\t\t\t<div class=\"elementor-widget-wrap elementor-element-populated\">\n\t\t\t\t\t\t<div class=\"elementor-element elementor-element-59c0f1ed elementor-widget elementor-widget-text-editor\" data-id=\"59c0f1ed\" data-element_type=\"widget\" data-e-type=\"widget\" data-widget_type=\"text-editor.default\">\n\t\t\t\t<div class=\"elementor-widget-container\">\n\t\t\t\t\t\t\t\t\t<p>En Javier\u00a0 Bell\u00f3n, s\u00f3lo utilizamos materias primas de primera calidad para la elaboraci\u00f3n de nuestras piezas, siendo el protagonista el micromortero efecto hormig\u00f3n bru\u00f1ido.<\/p><p>Todas y cada una de ellas son el resultado de un intenso proceso artesanal mimado, pensado minuciosamente en funci\u00f3n de donde van destinadas.<\/p><p>Nuestro pensamiento es huir de las piezas industrializadas, dejando as\u00ed patente el paso de la mano del hombre.<\/p><p>Se trata de un material irregular y cuyo acabado refleja aguas.<\/p><p>Las caracter\u00edsticas de dicho material unido a la mano del artesano crea acabados \u00fanicos y exclusivos.<\/p><p>Las piezas son dise\u00f1adas en nuestro taller, siempre ofreciendo la opci\u00f3n al prescriptor de dise\u00f1o para realizar proyectos personalizados.<\/p>\t\t\t\t\t\t\t\t<\/div>\n\t\t\t\t<\/div>\n\t\t\t\t<div class=\"elementor-element elementor-element-7f6ce68 elementor-align-center animated-slow elementor-invisible elementor-widget elementor-widget-button\" data-id=\"7f6ce68\" data-element_type=\"widget\" data-e-type=\"widget\" data-settings=\"{&quot;_animation&quot;:&quot;fadeInUp&quot;,&quot;_animation_delay&quot;:200}\" data-widget_type=\"button.default\">\n\t\t\t\t<div class=\"elementor-widget-container\">\n\t\t\t\t\t\t\t\t\t<div class=\"elementor-button-wrapper\">\n\t\t\t\t\t<a class=\"elementor-button elementor-button-link elementor-size-sm\" href=\"https:\/\/javierbellon.es\/piezas\/\">\n\t\t\t\t\t\t<span class=\"elementor-button-content-wrapper\">\n\t\t\t\t\t\t\t\t\t<span class=\"elementor-button-text\">VER TODAS LAS PIEZAS<\/span>\n\t\t\t\t\t<\/span>\n\t\t\t\t\t<\/a>\n\t\t\t\t<\/div>\n\t\t\t\t\t\t\t\t<\/div>\n\t\t\t\t<\/div>\n\t\t\t\t\t<\/div>\n\t\t<\/div>\n\t\t\t\t<div class=\"elementor-column elementor-col-50 elementor-top-column elementor-element elementor-element-d94f7e7\" data-id=\"d94f7e7\" data-element_type=\"column\" data-e-type=\"column\">\n\t\t\t<div class=\"elementor-widget-wrap elementor-element-populated\">\n\t\t\t\t\t\t<div class=\"elementor-element elementor-element-b3a9bb1 elementor-widget__width-initial elementor-invisible elementor-widget elementor-widget-image\" data-id=\"b3a9bb1\" data-element_type=\"widget\" data-e-type=\"widget\" data-settings=\"{&quot;_animation&quot;:&quot;fadeInLeft&quot;}\" data-widget_type=\"image.default\">\n\t\t\t\t<div class=\"elementor-widget-container\">\n\t\t\t\t\t\t\t\t\t\t\t\t\t\t\t<img fetchpriority=\"high\" decoding=\"async\" width=\"800\" height=\"905\" src=\"https:\/\/javierbellon.es\/wp-content\/uploads\/2023\/06\/ARTESANO-905x1024.jpg\" class=\"attachment-large size-large wp-image-807\" alt=\"\" srcset=\"https:\/\/javierbellon.es\/wp-content\/uploads\/2023\/06\/ARTESANO-905x1024.jpg 905w, https:\/\/javierbellon.es\/wp-content\/uploads\/2023\/06\/ARTESANO-265x300.jpg 265w, https:\/\/javierbellon.es\/wp-content\/uploads\/2023\/06\/ARTESANO-768x869.jpg 768w, https:\/\/javierbellon.es\/wp-content\/uploads\/2023\/06\/ARTESANO.jpg 1030w\" sizes=\"(max-width: 800px) 100vw, 800px\" \/>\t\t\t\t\t\t\t\t\t\t\t\t\t\t\t<\/div>\n\t\t\t\t<\/div>\n\t\t\t\t\t<\/div>\n\t\t<\/div>\n\t\t\t\t\t<\/div>\n\t\t<\/section>\n\t\t\t\t<\/div>\n\t\t","protected":false},"excerpt":{"rendered":"<p>En Javier\u00a0 Bell\u00f3n, s\u00f3lo utilizamos materias primas de primera calidad para la elaboraci\u00f3n de nuestras piezas, siendo el protagonista el micromortero efecto hormig\u00f3n bru\u00f1ido. Todas y cada una de ellas son el resultado de un intenso proceso artesanal mimado, pensado minuciosamente en funci\u00f3n de donde van destinadas. Nuestro pensamiento es huir de las piezas industrializadas, [&hellip;]<\/p>\n","protected":false},"author":3,"featured_media":0,"parent":0,"menu_order":0,"comment_status":"closed","ping_status":"closed","template":"","meta":{"footnotes":""},"class_list":["post-778","page","type-page","status-publish","hentry"],"yoast_head":"<!-- This site is optimized with the Yoast SEO plugin v27.5 - https:\/\/yoast.com\/product\/yoast-seo-wordpress\/ -->\n<title>Sobre las Piezas - Javier Bell\u00f3n<\/title>\n<meta name=\"robots\" content=\"index, follow, max-snippet:-1, max-image-preview:large, max-video-preview:-1\" \/>\n<link rel=\"canonical\" href=\"https:\/\/javierbellon.es\/?page_id=778\" \/>\n<meta property=\"og:locale\" content=\"es_ES\" \/>\n<meta property=\"og:type\" content=\"article\" \/>\n<meta property=\"og:title\" content=\"Sobre las Piezas - Javier Bell\u00f3n\" \/>\n<meta property=\"og:description\" content=\"En Javier\u00a0 Bell\u00f3n, s\u00f3lo utilizamos materias primas de primera calidad para la elaboraci\u00f3n de nuestras piezas, siendo el protagonista el micromortero efecto hormig\u00f3n bru\u00f1ido. Todas y cada una de ellas son el resultado de un intenso proceso artesanal mimado, pensado minuciosamente en funci\u00f3n de donde van destinadas. Nuestro pensamiento es huir de las piezas industrializadas, [&hellip;]\" \/>\n<meta property=\"og:url\" content=\"https:\/\/javierbellon.es\/?page_id=778\" \/>\n<meta property=\"og:site_name\" content=\"Javier Bell\u00f3n\" \/>\n<meta property=\"article:modified_time\" content=\"2023-07-03T15:50:42+00:00\" \/>\n<meta property=\"og:image\" content=\"https:\/\/javierbellon.es\/wp-content\/uploads\/2023\/06\/ARTESANO-905x1024.jpg\" \/>\n<meta name=\"twitter:card\" content=\"summary_large_image\" \/>\n<meta name=\"twitter:label1\" content=\"Tiempo de lectura\" \/>\n\t<meta name=\"twitter:data1\" content=\"1 minuto\" \/>\n<script type=\"application\/ld+json\" class=\"yoast-schema-graph\">{\"@context\":\"https:\\\/\\\/schema.org\",\"@graph\":[{\"@type\":\"WebPage\",\"@id\":\"https:\\\/\\\/javierbellon.es\\\/?page_id=778\",\"url\":\"https:\\\/\\\/javierbellon.es\\\/?page_id=778\",\"name\":\"Sobre las Piezas - Javier Bell\u00f3n\",\"isPartOf\":{\"@id\":\"https:\\\/\\\/javierbellon.es\\\/#website\"},\"primaryImageOfPage\":{\"@id\":\"https:\\\/\\\/javierbellon.es\\\/?page_id=778#primaryimage\"},\"image\":{\"@id\":\"https:\\\/\\\/javierbellon.es\\\/?page_id=778#primaryimage\"},\"thumbnailUrl\":\"https:\\\/\\\/javierbellon.es\\\/wp-content\\\/uploads\\\/2023\\\/06\\\/ARTESANO-905x1024.jpg\",\"datePublished\":\"2023-06-20T17:31:12+00:00\",\"dateModified\":\"2023-07-03T15:50:42+00:00\",\"breadcrumb\":{\"@id\":\"https:\\\/\\\/javierbellon.es\\\/?page_id=778#breadcrumb\"},\"inLanguage\":\"es\",\"potentialAction\":[{\"@type\":\"ReadAction\",\"target\":[\"https:\\\/\\\/javierbellon.es\\\/?page_id=778\"]}]},{\"@type\":\"ImageObject\",\"inLanguage\":\"es\",\"@id\":\"https:\\\/\\\/javierbellon.es\\\/?page_id=778#primaryimage\",\"url\":\"https:\\\/\\\/javierbellon.es\\\/wp-content\\\/uploads\\\/2023\\\/06\\\/ARTESANO.jpg\",\"contentUrl\":\"https:\\\/\\\/javierbellon.es\\\/wp-content\\\/uploads\\\/2023\\\/06\\\/ARTESANO.jpg\",\"width\":1030,\"height\":1165},{\"@type\":\"BreadcrumbList\",\"@id\":\"https:\\\/\\\/javierbellon.es\\\/?page_id=778#breadcrumb\",\"itemListElement\":[{\"@type\":\"ListItem\",\"position\":1,\"name\":\"Portada\",\"item\":\"https:\\\/\\\/javierbellon.es\\\/\"},{\"@type\":\"ListItem\",\"position\":2,\"name\":\"Sobre las Piezas\"}]},{\"@type\":\"WebSite\",\"@id\":\"https:\\\/\\\/javierbellon.es\\\/#website\",\"url\":\"https:\\\/\\\/javierbellon.es\\\/\",\"name\":\"Javier Bell\u00f3n\",\"description\":\"Piezas Artesanales\",\"potentialAction\":[{\"@type\":\"SearchAction\",\"target\":{\"@type\":\"EntryPoint\",\"urlTemplate\":\"https:\\\/\\\/javierbellon.es\\\/?s={search_term_string}\"},\"query-input\":{\"@type\":\"PropertyValueSpecification\",\"valueRequired\":true,\"valueName\":\"search_term_string\"}}],\"inLanguage\":\"es\"}]}<\/script>\n<!-- \/ Yoast SEO plugin. -->","yoast_head_json":{"title":"Sobre las Piezas - Javier Bell\u00f3n","robots":{"index":"index","follow":"follow","max-snippet":"max-snippet:-1","max-image-preview":"max-image-preview:large","max-video-preview":"max-video-preview:-1"},"canonical":"https:\/\/javierbellon.es\/?page_id=778","og_locale":"es_ES","og_type":"article","og_title":"Sobre las Piezas - Javier Bell\u00f3n","og_description":"En Javier\u00a0 Bell\u00f3n, s\u00f3lo utilizamos materias primas de primera calidad para la elaboraci\u00f3n de nuestras piezas, siendo el protagonista el micromortero efecto hormig\u00f3n bru\u00f1ido. Todas y cada una de ellas son el resultado de un intenso proceso artesanal mimado, pensado minuciosamente en funci\u00f3n de donde van destinadas. Nuestro pensamiento es huir de las piezas industrializadas, [&hellip;]","og_url":"https:\/\/javierbellon.es\/?page_id=778","og_site_name":"Javier Bell\u00f3n","article_modified_time":"2023-07-03T15:50:42+00:00","og_image":[{"url":"https:\/\/javierbellon.es\/wp-content\/uploads\/2023\/06\/ARTESANO-905x1024.jpg","type":"","width":"","height":""}],"twitter_card":"summary_large_image","twitter_misc":{"Tiempo de lectura":"1 minuto"},"schema":{"@context":"https:\/\/schema.org","@graph":[{"@type":"WebPage","@id":"https:\/\/javierbellon.es\/?page_id=778","url":"https:\/\/javierbellon.es\/?page_id=778","name":"Sobre las Piezas - Javier Bell\u00f3n","isPartOf":{"@id":"https:\/\/javierbellon.es\/#website"},"primaryImageOfPage":{"@id":"https:\/\/javierbellon.es\/?page_id=778#primaryimage"},"image":{"@id":"https:\/\/javierbellon.es\/?page_id=778#primaryimage"},"thumbnailUrl":"https:\/\/javierbellon.es\/wp-content\/uploads\/2023\/06\/ARTESANO-905x1024.jpg","datePublished":"2023-06-20T17:31:12+00:00","dateModified":"2023-07-03T15:50:42+00:00","breadcrumb":{"@id":"https:\/\/javierbellon.es\/?page_id=778#breadcrumb"},"inLanguage":"es","potentialAction":[{"@type":"ReadAction","target":["https:\/\/javierbellon.es\/?page_id=778"]}]},{"@type":"ImageObject","inLanguage":"es","@id":"https:\/\/javierbellon.es\/?page_id=778#primaryimage","url":"https:\/\/javierbellon.es\/wp-content\/uploads\/2023\/06\/ARTESANO.jpg","contentUrl":"https:\/\/javierbellon.es\/wp-content\/uploads\/2023\/06\/ARTESANO.jpg","width":1030,"height":1165},{"@type":"BreadcrumbList","@id":"https:\/\/javierbellon.es\/?page_id=778#breadcrumb","itemListElement":[{"@type":"ListItem","position":1,"name":"Portada","item":"https:\/\/javierbellon.es\/"},{"@type":"ListItem","position":2,"name":"Sobre las Piezas"}]},{"@type":"WebSite","@id":"https:\/\/javierbellon.es\/#website","url":"https:\/\/javierbellon.es\/","name":"Javier Bell\u00f3n","description":"Piezas Artesanales","potentialAction":[{"@type":"SearchAction","target":{"@type":"EntryPoint","urlTemplate":"https:\/\/javierbellon.es\/?s={search_term_string}"},"query-input":{"@type":"PropertyValueSpecification","valueRequired":true,"valueName":"search_term_string"}}],"inLanguage":"es"}]}},"_links":{"self":[{"href":"https:\/\/javierbellon.es\/index.php?rest_route=\/wp\/v2\/pages\/778","targetHints":{"allow":["GET"]}}],"collection":[{"href":"https:\/\/javierbellon.es\/index.php?rest_route=\/wp\/v2\/pages"}],"about":[{"href":"https:\/\/javierbellon.es\/index.php?rest_route=\/wp\/v2\/types\/page"}],"author":[{"embeddable":true,"href":"https:\/\/javierbellon.es\/index.php?rest_route=\/wp\/v2\/users\/3"}],"replies":[{"embeddable":true,"href":"https:\/\/javierbellon.es\/index.php?rest_route=%2Fwp%2Fv2%2Fcomments&post=778"}],"version-history":[{"count":35,"href":"https:\/\/javierbellon.es\/index.php?rest_route=\/wp\/v2\/pages\/778\/revisions"}],"predecessor-version":[{"id":936,"href":"https:\/\/javierbellon.es\/index.php?rest_route=\/wp\/v2\/pages\/778\/revisions\/936"}],"wp:attachment":[{"href":"https:\/\/javierbellon.es\/index.php?rest_route=%2Fwp%2Fv2%2Fmedia&parent=778"}],"curies":[{"name":"wp","href":"https:\/\/api.w.org\/{rel}","templated":true}]}}