{"id":240,"date":"2023-05-18T19:55:46","date_gmt":"2023-05-18T19:55:46","guid":{"rendered":"https:\/\/javierbellon.es\/?page_id=240"},"modified":"2023-06-29T10:02:26","modified_gmt":"2023-06-29T10:02:26","slug":"sobre-mi","status":"publish","type":"page","link":"https:\/\/javierbellon.es\/?page_id=240","title":{"rendered":"Sobre m\u00ed"},"content":{"rendered":"\t\t<div data-elementor-type=\"wp-page\" data-elementor-id=\"240\" class=\"elementor elementor-240\" data-elementor-post-type=\"page\">\n\t\t\t\t\t\t<section class=\"elementor-section elementor-top-section elementor-element elementor-element-9b44f58 elementor-section-height-min-height elementor-section-boxed elementor-section-height-default elementor-section-items-middle\" data-id=\"9b44f58\" data-element_type=\"section\" data-e-type=\"section\" data-settings=\"{&quot;background_background&quot;:&quot;classic&quot;}\">\n\t\t\t\t\t\t\t<div class=\"elementor-background-overlay\"><\/div>\n\t\t\t\t\t\t\t<div class=\"elementor-container elementor-column-gap-default\">\n\t\t\t\t\t<div class=\"elementor-column elementor-col-50 elementor-top-column elementor-element elementor-element-a45b643\" data-id=\"a45b643\" data-element_type=\"column\" data-e-type=\"column\">\n\t\t\t<div class=\"elementor-widget-wrap elementor-element-populated\">\n\t\t\t\t\t\t<div class=\"elementor-element elementor-element-836ddfa elementor-widget elementor-widget-heading\" data-id=\"836ddfa\" data-element_type=\"widget\" data-e-type=\"widget\" data-widget_type=\"heading.default\">\n\t\t\t\t<div class=\"elementor-widget-container\">\n\t\t\t\t\t<h1 class=\"elementor-heading-title elementor-size-default\">Sobre m\u00ed<\/h1>\t\t\t\t<\/div>\n\t\t\t\t<\/div>\n\t\t\t\t<div class=\"elementor-element elementor-element-8ef5b54 elementor-widget elementor-widget-text-editor\" data-id=\"8ef5b54\" data-element_type=\"widget\" data-e-type=\"widget\" data-widget_type=\"text-editor.default\">\n\t\t\t\t<div class=\"elementor-widget-container\">\n\t\t\t\t\t\t\t\t\t<p>Javier Bell\u00f3n comienza como pintor en el taller de su padre, Eusebio Bell\u00f3n, de quien aprende el oficio y adquiere experiencia en un negocio que cuenta con un sello de calidad en la localidad de Manzanares (Ciudad Real).<\/p><p>Enriquece su formaci\u00f3n en escuelas de artes y oficios, donde ampl\u00eda su formaci\u00f3n en revestimientos antiguos y en estucos de cal a\u00e9rea, que le llevan a colaborar con el maestro de la cal, Oriol Garc\u00eda i Conesa, en la \u00faltima ampliaci\u00f3n del Museo del Prado.<\/p>\t\t\t\t\t\t\t\t<\/div>\n\t\t\t\t<\/div>\n\t\t\t\t<div class=\"elementor-element elementor-element-2d1d898 elementor-widget elementor-widget-text-editor\" data-id=\"2d1d898\" data-element_type=\"widget\" data-e-type=\"widget\" data-widget_type=\"text-editor.default\">\n\t\t\t\t<div class=\"elementor-widget-container\">\n\t\t\t\t\t\t\t\t\t<p>Gracias a esta amalgama de conocimientos, crea una l\u00ednea de piezas artesanales y \u00fanicas de micromortero y microcemento que reflejan su bagaje profesional en la experimentaci\u00f3n con los materiales.<\/p>\t\t\t\t\t\t\t\t<\/div>\n\t\t\t\t<\/div>\n\t\t\t\t\t<\/div>\n\t\t<\/div>\n\t\t\t\t<div class=\"elementor-column elementor-col-50 elementor-top-column elementor-element elementor-element-b291fed elementor-hidden-mobile\" data-id=\"b291fed\" data-element_type=\"column\" data-e-type=\"column\">\n\t\t\t<div class=\"elementor-widget-wrap\">\n\t\t\t\t\t\t\t<\/div>\n\t\t<\/div>\n\t\t\t\t\t<\/div>\n\t\t<\/section>\n\t\t\t\t<\/div>\n\t\t","protected":false},"excerpt":{"rendered":"<p>Sobre m\u00ed Javier Bell\u00f3n comienza como pintor en el taller de su padre, Eusebio Bell\u00f3n, de quien aprende el oficio y adquiere experiencia en un negocio que cuenta con un sello de calidad en la localidad de Manzanares (Ciudad Real). Enriquece su formaci\u00f3n en escuelas de artes y oficios, donde ampl\u00eda su formaci\u00f3n en revestimientos [&hellip;]<\/p>\n","protected":false},"author":3,"featured_media":0,"parent":0,"menu_order":0,"comment_status":"closed","ping_status":"closed","template":"","meta":{"footnotes":""},"class_list":["post-240","page","type-page","status-publish","hentry"],"yoast_head":"<!-- This site is optimized with the Yoast SEO plugin v27.3 - https:\/\/yoast.com\/product\/yoast-seo-wordpress\/ -->\n<title>Sobre m\u00ed - Javier Bell\u00f3n<\/title>\n<meta name=\"robots\" content=\"index, follow, max-snippet:-1, max-image-preview:large, max-video-preview:-1\" \/>\n<link rel=\"canonical\" href=\"https:\/\/javierbellon.es\/?page_id=240\" \/>\n<meta property=\"og:locale\" content=\"es_ES\" \/>\n<meta property=\"og:type\" content=\"article\" \/>\n<meta property=\"og:title\" content=\"Sobre m\u00ed - Javier Bell\u00f3n\" \/>\n<meta property=\"og:description\" content=\"Sobre m\u00ed Javier Bell\u00f3n comienza como pintor en el taller de su padre, Eusebio Bell\u00f3n, de quien aprende el oficio y adquiere experiencia en un negocio que cuenta con un sello de calidad en la localidad de Manzanares (Ciudad Real). Enriquece su formaci\u00f3n en escuelas de artes y oficios, donde ampl\u00eda su formaci\u00f3n en revestimientos [&hellip;]\" \/>\n<meta property=\"og:url\" content=\"https:\/\/javierbellon.es\/?page_id=240\" \/>\n<meta property=\"og:site_name\" content=\"Javier Bell\u00f3n\" \/>\n<meta property=\"article:modified_time\" content=\"2023-06-29T10:02:26+00:00\" \/>\n<meta name=\"twitter:card\" content=\"summary_large_image\" \/>\n<meta name=\"twitter:label1\" content=\"Tiempo de lectura\" \/>\n\t<meta name=\"twitter:data1\" content=\"1 minuto\" \/>\n<script type=\"application\/ld+json\" class=\"yoast-schema-graph\">{\"@context\":\"https:\\\/\\\/schema.org\",\"@graph\":[{\"@type\":\"WebPage\",\"@id\":\"https:\\\/\\\/javierbellon.es\\\/?page_id=240\",\"url\":\"https:\\\/\\\/javierbellon.es\\\/?page_id=240\",\"name\":\"Sobre m\u00ed - Javier Bell\u00f3n\",\"isPartOf\":{\"@id\":\"https:\\\/\\\/javierbellon.es\\\/#website\"},\"datePublished\":\"2023-05-18T19:55:46+00:00\",\"dateModified\":\"2023-06-29T10:02:26+00:00\",\"breadcrumb\":{\"@id\":\"https:\\\/\\\/javierbellon.es\\\/?page_id=240#breadcrumb\"},\"inLanguage\":\"es\",\"potentialAction\":[{\"@type\":\"ReadAction\",\"target\":[\"https:\\\/\\\/javierbellon.es\\\/?page_id=240\"]}]},{\"@type\":\"BreadcrumbList\",\"@id\":\"https:\\\/\\\/javierbellon.es\\\/?page_id=240#breadcrumb\",\"itemListElement\":[{\"@type\":\"ListItem\",\"position\":1,\"name\":\"Portada\",\"item\":\"https:\\\/\\\/javierbellon.es\\\/\"},{\"@type\":\"ListItem\",\"position\":2,\"name\":\"Sobre m\u00ed\"}]},{\"@type\":\"WebSite\",\"@id\":\"https:\\\/\\\/javierbellon.es\\\/#website\",\"url\":\"https:\\\/\\\/javierbellon.es\\\/\",\"name\":\"Javier Bell\u00f3n\",\"description\":\"Piezas Artesanales\",\"potentialAction\":[{\"@type\":\"SearchAction\",\"target\":{\"@type\":\"EntryPoint\",\"urlTemplate\":\"https:\\\/\\\/javierbellon.es\\\/?s={search_term_string}\"},\"query-input\":{\"@type\":\"PropertyValueSpecification\",\"valueRequired\":true,\"valueName\":\"search_term_string\"}}],\"inLanguage\":\"es\"}]}<\/script>\n<!-- \/ Yoast SEO plugin. -->","yoast_head_json":{"title":"Sobre m\u00ed - Javier Bell\u00f3n","robots":{"index":"index","follow":"follow","max-snippet":"max-snippet:-1","max-image-preview":"max-image-preview:large","max-video-preview":"max-video-preview:-1"},"canonical":"https:\/\/javierbellon.es\/?page_id=240","og_locale":"es_ES","og_type":"article","og_title":"Sobre m\u00ed - Javier Bell\u00f3n","og_description":"Sobre m\u00ed Javier Bell\u00f3n comienza como pintor en el taller de su padre, Eusebio Bell\u00f3n, de quien aprende el oficio y adquiere experiencia en un negocio que cuenta con un sello de calidad en la localidad de Manzanares (Ciudad Real). Enriquece su formaci\u00f3n en escuelas de artes y oficios, donde ampl\u00eda su formaci\u00f3n en revestimientos [&hellip;]","og_url":"https:\/\/javierbellon.es\/?page_id=240","og_site_name":"Javier Bell\u00f3n","article_modified_time":"2023-06-29T10:02:26+00:00","twitter_card":"summary_large_image","twitter_misc":{"Tiempo de lectura":"1 minuto"},"schema":{"@context":"https:\/\/schema.org","@graph":[{"@type":"WebPage","@id":"https:\/\/javierbellon.es\/?page_id=240","url":"https:\/\/javierbellon.es\/?page_id=240","name":"Sobre m\u00ed - Javier Bell\u00f3n","isPartOf":{"@id":"https:\/\/javierbellon.es\/#website"},"datePublished":"2023-05-18T19:55:46+00:00","dateModified":"2023-06-29T10:02:26+00:00","breadcrumb":{"@id":"https:\/\/javierbellon.es\/?page_id=240#breadcrumb"},"inLanguage":"es","potentialAction":[{"@type":"ReadAction","target":["https:\/\/javierbellon.es\/?page_id=240"]}]},{"@type":"BreadcrumbList","@id":"https:\/\/javierbellon.es\/?page_id=240#breadcrumb","itemListElement":[{"@type":"ListItem","position":1,"name":"Portada","item":"https:\/\/javierbellon.es\/"},{"@type":"ListItem","position":2,"name":"Sobre m\u00ed"}]},{"@type":"WebSite","@id":"https:\/\/javierbellon.es\/#website","url":"https:\/\/javierbellon.es\/","name":"Javier Bell\u00f3n","description":"Piezas Artesanales","potentialAction":[{"@type":"SearchAction","target":{"@type":"EntryPoint","urlTemplate":"https:\/\/javierbellon.es\/?s={search_term_string}"},"query-input":{"@type":"PropertyValueSpecification","valueRequired":true,"valueName":"search_term_string"}}],"inLanguage":"es"}]}},"_links":{"self":[{"href":"https:\/\/javierbellon.es\/index.php?rest_route=\/wp\/v2\/pages\/240","targetHints":{"allow":["GET"]}}],"collection":[{"href":"https:\/\/javierbellon.es\/index.php?rest_route=\/wp\/v2\/pages"}],"about":[{"href":"https:\/\/javierbellon.es\/index.php?rest_route=\/wp\/v2\/types\/page"}],"author":[{"embeddable":true,"href":"https:\/\/javierbellon.es\/index.php?rest_route=\/wp\/v2\/users\/3"}],"replies":[{"embeddable":true,"href":"https:\/\/javierbellon.es\/index.php?rest_route=%2Fwp%2Fv2%2Fcomments&post=240"}],"version-history":[{"count":29,"href":"https:\/\/javierbellon.es\/index.php?rest_route=\/wp\/v2\/pages\/240\/revisions"}],"predecessor-version":[{"id":870,"href":"https:\/\/javierbellon.es\/index.php?rest_route=\/wp\/v2\/pages\/240\/revisions\/870"}],"wp:attachment":[{"href":"https:\/\/javierbellon.es\/index.php?rest_route=%2Fwp%2Fv2%2Fmedia&parent=240"}],"curies":[{"name":"wp","href":"https:\/\/api.w.org\/{rel}","templated":true}]}}